CRAN Package Check Results for Package muRty

Last updated on 2023-06-10 05:52:39 CEST.

Flavor Version Tinstall Tcheck Ttotal Status Flags
r-devel-linux-x86_64-debian-clang 0.3.1 2.39 28.59 30.98 NOTE
r-devel-linux-x86_64-debian-gcc 0.3.1 2.24 22.59 24.83 NOTE
r-devel-linux-x86_64-fedora-clang 0.3.1 40.51 NOTE
r-devel-linux-x86_64-fedora-gcc 0.3.1 39.24 NOTE
r-devel-windows-x86_64 0.3.1 4.00 50.00 54.00 NOTE
r-patched-linux-x86_64 0.3.1 2.34 27.85 30.19 NOTE
r-release-linux-x86_64 0.3.1 2.13 27.76 29.89 NOTE
r-release-macos-arm64 0.3.1 22.00 NOTE
r-release-macos-x86_64 0.3.1 24.00 NOTE
r-release-windows-x86_64 0.3.1 3.00 51.00 54.00 NOTE
r-oldrel-macos-arm64 0.3.1 19.00 NOTE
r-oldrel-macos-x86_64 0.3.1 24.00 NOTE
r-oldrel-windows-x86_64 0.3.1 4.00 53.00 57.00 NOTE

Check Details

Version: 0.3.1
Check: LazyData
Result: NOTE
     'LazyData' is specified without a 'data' directory
Flavors: r-devel-linux-x86_64-debian-clang, r-devel-linux-x86_64-debian-gcc, r-devel-linux-x86_64-fedora-clang, r-devel-linux-x86_64-fedora-gcc, r-devel-windows-x86_64, r-patched-linux-x86_64, r-release-linux-x86_64, r-release-macos-arm64, r-release-macos-x86_64, r-release-windows-x86_64, r-oldrel-macos-arm64, r-oldrel-macos-x86_64, r-oldrel-windows-x86_64