CRAN Package Check Results for Package mscstts

Last updated on 2023-12-08 05:02:10 CET.

Flavor Version Tinstall Tcheck Ttotal Status Flags
r-devel-linux-x86_64-debian-clang 0.6.3 2.72 30.63 33.35 OK
r-devel-linux-x86_64-debian-gcc 0.6.3 2.11 24.53 26.64 OK
r-devel-linux-x86_64-fedora-clang 0.6.3 43.46 NOTE
r-devel-linux-x86_64-fedora-gcc 0.6.3 41.81 NOTE
r-devel-windows-x86_64 0.6.3 4.00 52.00 56.00 OK
r-patched-linux-x86_64 0.6.3 5.05 30.72 35.77 OK
r-release-linux-x86_64 0.6.3 2.59 30.03 32.62 OK
r-release-macos-arm64 0.6.3 19.00 OK
r-release-macos-x86_64 0.6.3 25.00 OK
r-release-windows-x86_64 0.6.3 4.00 56.00 60.00 OK
r-oldrel-macos-arm64 0.6.3 19.00 NOTE
r-oldrel-macos-x86_64 0.6.3 25.00 NOTE
r-oldrel-windows-x86_64 0.6.3 5.00 57.00 62.00 OK

Check Details

Version: 0.6.3
Check: data for non-ASCII characters
Result: NOTE Note: found 75 marked UTF-8 strings Flavors: r-devel-linux-x86_64-fedora-clang, r-devel-linux-x86_64-fedora-gcc, r-oldrel-macos-arm64, r-oldrel-macos-x86_64