CRAN Package Check Results for Package mrgsolve

Last updated on 2024-03-03 04:48:42 CET.

Flavor Version Tinstall Tcheck Ttotal Status Flags
r-devel-linux-x86_64-debian-clang 1.4.1 157.51 163.16 320.67 OK
r-devel-linux-x86_64-debian-gcc 1.4.1 121.50 122.39 243.89 OK
r-devel-linux-x86_64-fedora-clang 1.4.1 439.07 OK
r-devel-linux-x86_64-fedora-gcc 1.4.1 438.77 OK
r-devel-windows-x86_64 1.4.1 136.00 178.00 314.00 OK
r-patched-linux-x86_64 1.4.1 157.65 155.81 313.46 OK
r-release-linux-x86_64 1.4.1 155.80 154.26 310.06 OK
r-release-macos-arm64 1.4.1 99.00 NOTE
r-release-macos-x86_64 1.4.1 137.00 NOTE
r-release-windows-x86_64 1.4.1 170.00 224.00 394.00 OK
r-oldrel-macos-arm64 1.4.1 105.00 NOTE
r-oldrel-windows-x86_64 1.4.1 164.00 205.00 369.00 OK

Check Details

Version: 1.4.1
Check: installed package size
Result: NOTE installed size is 6.9Mb sub-directories of 1Mb or more: libs 5.0Mb Flavors: r-release-macos-arm64, r-release-macos-x86_64, r-oldrel-macos-arm64