Last updated on 2023-06-07 05:58:26 CEST.
Flavor | Version | Tinstall | Tcheck | Ttotal | Status | Flags |
---|---|---|---|---|---|---|
r-devel-linux-x86_64-debian-clang | 0.2.1 | 7.67 | 109.79 | 117.46 | OK | |
r-devel-linux-x86_64-debian-gcc | 0.2.1 | 6.52 | 82.70 | 89.22 | OK | |
r-devel-linux-x86_64-fedora-clang | 0.2.1 | 156.55 | NOTE | |||
r-devel-linux-x86_64-fedora-gcc | 0.2.1 | 157.75 | OK | |||
r-devel-windows-x86_64 | 0.2.1 | 9.00 | 109.00 | 118.00 | NOTE | |
r-patched-linux-x86_64 | 0.2.1 | 10.44 | 99.82 | 110.26 | OK | |
r-release-linux-x86_64 | 0.2.1 | 5.22 | 98.93 | 104.15 | OK | |
r-release-macos-arm64 | 0.2.1 | 57.00 | OK | |||
r-release-macos-x86_64 | 0.2.1 | 76.00 | OK | |||
r-release-windows-x86_64 | 0.2.1 | 11.00 | 128.00 | 139.00 | NOTE | |
r-oldrel-macos-arm64 | 0.2.1 | 48.00 | OK | |||
r-oldrel-macos-x86_64 | 0.2.1 | 91.00 | OK | |||
r-oldrel-windows-x86_64 | 0.2.1 | 10.00 | 128.00 | 138.00 | NOTE |
Version: 0.2.1
Check: Rd cross-references
Result: NOTE
Undeclared package ‘processx’ in Rd xrefs
Flavor: r-devel-linux-x86_64-fedora-clang
Version: 0.2.1
Check: dependencies in R code
Result: NOTE
#STDOFF 2:05:08.9
#STDOFF 8:05:43.2
#STDOFF 7:36:41.7
#STDOFF -0:25:21.1
#STDOFF 1:39:49.2
#STDOFF -0:36:44.68
#STDOFF -4:56:01.6
#STDOFF -3:58:29.2
#STDOFF -4:19:18.3
#STDOFF -5:36:13.3
#STDOFF -4:56:16.4
#STDOFF 2:05:08.9
#STDOFF 8:05:43.2
#STDOFF 7:36:41.7
#STDOFF -0:25:21.1
#STDOFF 1:39:49.2
#STDOFF -0:36:44.68
#STDOFF -4:56:01.6
#STDOFF -3:58:29.2
#STDOFF -4:19:18.3
#STDOFF -5:36:13.3
#STDOFF -4:56:16.4
Flavors: r-devel-windows-x86_64, r-release-windows-x86_64, r-oldrel-windows-x86_64