Last updated on 2023-06-03 05:52:36 CEST.
Flavor | Version | Tinstall | Tcheck | Ttotal | Status | Flags |
---|---|---|---|---|---|---|
r-devel-linux-x86_64-debian-clang | 1.0.13 | 94.63 | 124.63 | 219.26 | NOTE | |
r-devel-linux-x86_64-debian-gcc | 1.0.13 | 71.17 | 98.26 | 169.43 | NOTE | |
r-devel-linux-x86_64-fedora-clang | 1.0.13 | 306.39 | NOTE | |||
r-devel-linux-x86_64-fedora-gcc | 1.0.13 | 304.83 | NOTE | |||
r-devel-windows-x86_64 | 1.0.13 | 79.00 | 140.00 | 219.00 | NOTE | |
r-patched-linux-x86_64 | 1.0.13 | NOTE | ||||
r-release-linux-x86_64 | 1.0.13 | 79.01 | 121.41 | 200.42 | NOTE | |
r-release-macos-arm64 | 1.0.13 | 92.00 | NOTE | |||
r-release-macos-x86_64 | 1.0.13 | 141.00 | NOTE | |||
r-release-windows-x86_64 | 1.0.13 | 94.00 | 177.00 | 271.00 | NOTE | |
r-oldrel-macos-arm64 | 1.0.13 | 84.00 | NOTE | |||
r-oldrel-macos-x86_64 | 1.0.13 | 136.00 | NOTE | |||
r-oldrel-windows-x86_64 | 1.0.13 | 91.00 | 163.00 | 254.00 | OK |
Version: 1.0.13
Check: C++ specification
Result: NOTE
Specified C++11: please drop specification unless essential
Flavors: r-devel-linux-x86_64-debian-clang, r-devel-linux-x86_64-debian-gcc, r-devel-linux-x86_64-fedora-clang, r-devel-linux-x86_64-fedora-gcc, r-devel-windows-x86_64, r-patched-linux-x86_64, r-release-linux-x86_64, r-release-macos-arm64, r-release-macos-x86_64, r-release-windows-x86_64
Version: 1.0.13
Check: installed package size
Result: NOTE
installed size is 15.9Mb
sub-directories of 1Mb or more:
data 1.6Mb
libs 13.8Mb
Flavors: r-release-macos-arm64, r-release-macos-x86_64, r-oldrel-macos-arm64, r-oldrel-macos-x86_64
Version: 1.0.13
Check: package dependencies
Result: NOTE
Package suggested but not available for checking: ‘robustbase’
Flavor: r-release-macos-x86_64
Version: 1.0.13
Check: Rd cross-references
Result: NOTE
Package unavailable to check Rd xrefs: ‘robustbase’
Flavor: r-release-macos-x86_64