CRAN Package Check Results for Package mp

Last updated on 2023-05-30 05:57:39 CEST.

Flavor Version Tinstall Tcheck Ttotal Status Flags
r-devel-linux-x86_64-debian-clang 0.4.1 60.94 28.81 89.75 OK
r-devel-linux-x86_64-debian-gcc 0.4.1 50.52 22.99 73.51 OK
r-devel-linux-x86_64-fedora-clang 0.4.1 138.66 NOTE
r-devel-linux-x86_64-fedora-gcc 0.4.1 136.61 NOTE
r-devel-windows-x86_64 0.4.1 49.00 65.00 114.00 OK
r-patched-linux-x86_64 0.4.1 50.45 28.55 79.00 OK
r-release-linux-x86_64 0.4.1 49.80 28.27 78.07 OK
r-release-macos-arm64 0.4.1 36.00 OK
r-release-macos-x86_64 0.4.1 59.00 OK
r-release-windows-x86_64 0.4.1 63.00 72.00 135.00 OK
r-oldrel-macos-arm64 0.4.1 43.00 OK
r-oldrel-macos-x86_64 0.4.1 45.00 OK
r-oldrel-windows-x86_64 0.4.1 61.00 70.00 131.00 OK

Check Details

Version: 0.4.1
Check: Rd cross-references
Result: NOTE
    Undeclared package ‘proxy’ in Rd xrefs
Flavor: r-devel-linux-x86_64-fedora-clang

Version: 0.4.1
Check: compiled code
Result: NOTE
    File ‘mp/libs/mp.so’:
     Found no calls to: ‘R_registerRoutines’, ‘R_useDynamicSymbols’
    
    It is good practice to register native routines and to disable symbol
    search.
    
    See ‘Writing portable packages’ in the ‘Writing R Extensions’ manual.
Flavors: r-devel-linux-x86_64-fedora-clang, r-devel-linux-x86_64-fedora-gcc