Last updated on 2023-06-04 05:50:48 CEST.
Flavor | Version | Tinstall | Tcheck | Ttotal | Status | Flags |
---|---|---|---|---|---|---|
r-devel-linux-x86_64-debian-clang | 0.2-7 | 5.98 | 132.61 | 138.59 | NOTE | |
r-devel-linux-x86_64-debian-gcc | 0.2-7 | 3.99 | 95.81 | 99.80 | NOTE | |
r-devel-linux-x86_64-fedora-clang | 0.2-7 | 165.43 | NOTE | |||
r-devel-linux-x86_64-fedora-gcc | 0.2-7 | 168.54 | NOTE | |||
r-devel-windows-x86_64 | 0.2-7 | 8.00 | 134.00 | 142.00 | NOTE | |
r-patched-linux-x86_64 | 0.2-7 | 5.16 | 123.97 | 129.13 | NOTE | |
r-release-linux-x86_64 | 0.2-7 | 3.79 | 121.04 | 124.83 | NOTE | |
r-release-macos-arm64 | 0.2-7 | 103.00 | NOTE | |||
r-release-macos-x86_64 | 0.2-7 | 157.00 | NOTE | |||
r-release-windows-x86_64 | 0.2-7 | 11.00 | 155.00 | 166.00 | NOTE | |
r-oldrel-macos-arm64 | 0.2-7 | 90.00 | NOTE | |||
r-oldrel-macos-x86_64 | 0.2-7 | 153.00 | NOTE | |||
r-oldrel-windows-x86_64 | 0.2-7 | 10.00 | 143.00 | 153.00 | NOTE |
Version: 0.2-7
Check: package dependencies
Result: NOTE
Package suggested but not available for checking: ‘corpus.useR.2008.abstracts’
Flavors: r-devel-linux-x86_64-debian-clang, r-devel-linux-x86_64-debian-gcc, r-devel-linux-x86_64-fedora-clang, r-devel-linux-x86_64-fedora-gcc, r-devel-windows-x86_64, r-patched-linux-x86_64, r-release-linux-x86_64, r-release-macos-arm64, r-release-macos-x86_64, r-release-windows-x86_64, r-oldrel-macos-arm64, r-oldrel-macos-x86_64, r-oldrel-windows-x86_64