CRAN Package Check Results for Package mopac

Last updated on 2023-06-10 05:52:38 CEST.

Flavor Version Tinstall Tcheck Ttotal Status Flags
r-devel-linux-x86_64-debian-clang 0.1.0 2.17 19.49 21.66 OK
r-devel-linux-x86_64-debian-gcc 0.1.0 1.86 15.62 17.48 OK
r-devel-linux-x86_64-fedora-clang 0.1.0 27.51 NOTE
r-devel-linux-x86_64-fedora-gcc 0.1.0 26.91 NOTE
r-devel-windows-x86_64 0.1.0 6.00 38.00 44.00 OK
r-patched-linux-x86_64 0.1.0 2.11 18.97 21.08 OK
r-release-linux-x86_64 0.1.0 2.11 19.07 21.18 OK
r-release-macos-arm64 0.1.0 15.00 OK
r-release-macos-x86_64 0.1.0 18.00 OK
r-release-windows-x86_64 0.1.0 3.00 38.00 41.00 OK
r-oldrel-macos-arm64 0.1.0 16.00 OK
r-oldrel-macos-x86_64 0.1.0 19.00 NOTE
r-oldrel-windows-x86_64 0.1.0 5.00 41.00 46.00 OK

Check Details

Version: 0.1.0
Check: data for non-ASCII characters
Result: NOTE
     Note: found 13 marked UTF-8 strings
Flavors: r-devel-linux-x86_64-fedora-clang, r-devel-linux-x86_64-fedora-gcc, r-oldrel-macos-x86_64