Last updated on 2023-06-08 05:58:14 CEST.
Flavor | Version | Tinstall | Tcheck | Ttotal | Status | Flags |
---|---|---|---|---|---|---|
r-devel-linux-x86_64-debian-clang | 0.1.1 | 2.71 | 28.93 | 31.64 | NOTE | |
r-devel-linux-x86_64-debian-gcc | 0.1.1 | 1.86 | 22.91 | 24.77 | NOTE | |
r-devel-linux-x86_64-fedora-clang | 0.1.1 | 40.47 | NOTE | |||
r-devel-linux-x86_64-fedora-gcc | 0.1.1 | 39.57 | NOTE | |||
r-devel-windows-x86_64 | 0.1.1 | 6.00 | 45.00 | 51.00 | NOTE | |
r-patched-linux-x86_64 | 0.1.1 | 2.08 | 28.16 | 30.24 | NOTE | |
r-release-linux-x86_64 | 0.1.1 | 2.18 | 27.92 | 30.10 | NOTE | |
r-release-macos-arm64 | 0.1.1 | 19.00 | NOTE | |||
r-release-macos-x86_64 | 0.1.1 | 24.00 | NOTE | |||
r-release-windows-x86_64 | 0.1.1 | 5.00 | 48.00 | 53.00 | NOTE | |
r-oldrel-macos-arm64 | 0.1.1 | 20.00 | NOTE | |||
r-oldrel-macos-x86_64 | 0.1.1 | 25.00 | NOTE | |||
r-oldrel-windows-x86_64 | 0.1.1 | 5.00 | 49.00 | 54.00 | NOTE |
Version: 0.1.1
Check: LazyData
Result: NOTE
'LazyData' is specified without a 'data' directory
Flavors: r-devel-linux-x86_64-debian-clang, r-devel-linux-x86_64-debian-gcc, r-devel-linux-x86_64-fedora-clang, r-devel-linux-x86_64-fedora-gcc, r-devel-windows-x86_64, r-patched-linux-x86_64, r-release-linux-x86_64, r-release-macos-arm64, r-release-macos-x86_64, r-release-windows-x86_64, r-oldrel-macos-arm64, r-oldrel-macos-x86_64, r-oldrel-windows-x86_64