Last updated on 2023-06-09 05:55:04 CEST.
Flavor | Version | Tinstall | Tcheck | Ttotal | Status | Flags |
---|---|---|---|---|---|---|
r-devel-linux-x86_64-debian-clang | 0.1 | 6.85 | 48.47 | 55.32 | NOTE | |
r-devel-linux-x86_64-debian-gcc | 0.1 | 4.34 | 36.64 | 40.98 | NOTE | |
r-devel-linux-x86_64-fedora-clang | 0.1 | 67.23 | NOTE | |||
r-devel-linux-x86_64-fedora-gcc | 0.1 | 78.91 | NOTE | |||
r-devel-windows-x86_64 | 0.1 | 8.00 | 56.00 | 64.00 | NOTE | |
r-patched-linux-x86_64 | 0.1 | 5.97 | 45.53 | 51.50 | NOTE | |
r-release-linux-x86_64 | 0.1 | 3.63 | 44.92 | 48.55 | NOTE | |
r-release-macos-arm64 | 0.1 | 30.00 | NOTE | |||
r-release-macos-x86_64 | 0.1 | 43.00 | NOTE | |||
r-release-windows-x86_64 | 0.1 | 8.00 | 62.00 | 70.00 | NOTE | |
r-oldrel-macos-arm64 | 0.1 | 28.00 | NOTE | |||
r-oldrel-macos-x86_64 | 0.1 | 54.00 | NOTE | |||
r-oldrel-windows-x86_64 | 0.1 | 8.00 | 64.00 | 72.00 | NOTE |
Version: 0.1
Check: LazyData
Result: NOTE
'LazyData' is specified without a 'data' directory
Flavors: r-devel-linux-x86_64-debian-clang, r-devel-linux-x86_64-debian-gcc, r-devel-linux-x86_64-fedora-clang, r-devel-linux-x86_64-fedora-gcc, r-devel-windows-x86_64, r-patched-linux-x86_64, r-release-linux-x86_64, r-release-macos-arm64, r-release-macos-x86_64, r-release-windows-x86_64, r-oldrel-macos-arm64, r-oldrel-macos-x86_64, r-oldrel-windows-x86_64