Last updated on 2023-06-10 05:52:38 CEST.
Flavor | Version | Tinstall | Tcheck | Ttotal | Status | Flags |
---|---|---|---|---|---|---|
r-devel-linux-x86_64-debian-clang | 2.0.3 | 56.58 | 33.22 | 89.80 | NOTE | |
r-devel-linux-x86_64-debian-gcc | 2.0.3 | 46.52 | 27.68 | 74.20 | NOTE | |
r-devel-linux-x86_64-fedora-clang | 2.0.3 | 128.32 | NOTE | |||
r-devel-linux-x86_64-fedora-gcc | 2.0.3 | 137.23 | NOTE | |||
r-devel-windows-x86_64 | 2.0.3 | 54.00 | 75.00 | 129.00 | NOTE | |
r-patched-linux-x86_64 | 2.0.3 | 49.81 | 35.04 | 84.85 | NOTE | |
r-release-linux-x86_64 | 2.0.3 | 53.68 | 34.28 | 87.96 | NOTE | |
r-release-macos-arm64 | 2.0.3 | 38.00 | NOTE | |||
r-release-macos-x86_64 | 2.0.3 | 62.00 | NOTE | |||
r-release-windows-x86_64 | 2.0.3 | 65.00 | 78.00 | 143.00 | NOTE | |
r-oldrel-macos-arm64 | 2.0.3 | 45.00 | NOTE | |||
r-oldrel-macos-x86_64 | 2.0.3 | 48.00 | NOTE | |||
r-oldrel-windows-x86_64 | 2.0.3 | 53.00 | 76.00 | 129.00 | OK |
Version: 2.0.3
Check: C++ specification
Result: NOTE
Specified C++14: please drop specification unless essential
Flavors: r-devel-linux-x86_64-debian-clang, r-devel-linux-x86_64-debian-gcc, r-devel-linux-x86_64-fedora-clang, r-devel-linux-x86_64-fedora-gcc, r-devel-windows-x86_64, r-patched-linux-x86_64, r-release-linux-x86_64, r-release-macos-arm64, r-release-macos-x86_64, r-release-windows-x86_64
Version: 2.0.3
Check: installed package size
Result: NOTE
installed size is 20.7Mb
sub-directories of 1Mb or more:
libs 20.5Mb
Flavors: r-release-macos-arm64, r-release-macos-x86_64, r-oldrel-macos-arm64, r-oldrel-macos-x86_64