CRAN Package Check Results for Package mmmgee

Last updated on 2023-06-05 05:54:41 CEST.

Flavor Version Tinstall Tcheck Ttotal Status Flags
r-devel-linux-x86_64-debian-clang 1.20 9.84 79.79 89.63 OK
r-devel-linux-x86_64-debian-gcc 1.20 6.59 61.11 67.70 OK
r-devel-linux-x86_64-fedora-clang 1.20 113.71 NOTE
r-devel-linux-x86_64-fedora-gcc 1.20 110.97 OK
r-devel-windows-x86_64 1.20 9.00 74.00 83.00 OK
r-patched-linux-x86_64 1.20 11.10 76.94 88.04 OK
r-release-linux-x86_64 1.20 10.33 76.54 86.87 OK
r-release-macos-arm64 1.20 34.00 OK
r-release-macos-x86_64 1.20 55.00 OK
r-release-windows-x86_64 1.20 11.00 89.00 100.00 OK
r-oldrel-macos-arm64 1.20 34.00 OK
r-oldrel-macos-x86_64 1.20 47.00 OK
r-oldrel-windows-x86_64 1.20 11.00 93.00 104.00 OK

Check Details

Version: 1.20
Check: Rd cross-references
Result: NOTE
    Undeclared package ‘geeM’ in Rd xrefs
Flavor: r-devel-linux-x86_64-fedora-clang