Last updated on 2023-06-02 05:58:03 CEST.
Flavor | Version | Tinstall | Tcheck | Ttotal | Status | Flags |
---|---|---|---|---|---|---|
r-devel-linux-x86_64-debian-clang | 1.1.1 | 3.72 | 79.10 | 82.82 | OK | |
r-devel-linux-x86_64-debian-gcc | 1.1.1 | 2.88 | 61.57 | 64.45 | NOTE | |
r-devel-linux-x86_64-fedora-clang | 1.1.1 | 60.08 | OK | |||
r-devel-linux-x86_64-fedora-gcc | 1.1.1 | 84.38 | OK | |||
r-devel-windows-x86_64 | 1.1.1 | 4.00 | 88.00 | 92.00 | OK | |
r-patched-linux-x86_64 | 1.1.1 | OK | ||||
r-release-linux-x86_64 | 1.1.1 | 2.85 | 76.73 | 79.58 | NOTE | |
r-release-macos-arm64 | 1.1.1 | 37.00 | OK | |||
r-release-macos-x86_64 | 1.1.1 | 57.00 | OK | |||
r-release-windows-x86_64 | 1.1.1 | 5.00 | 103.00 | 108.00 | OK | |
r-oldrel-macos-arm64 | 1.1.1 | 32.00 | OK | |||
r-oldrel-macos-x86_64 | 1.1.1 | 43.00 | OK | |||
r-oldrel-windows-x86_64 | 1.1.1 | 4.00 | 104.00 | 108.00 | OK |
Version: 1.1.1
Check: package dependencies
Result: NOTE
Package suggested but not available for checking: ‘bootImpute’
Flavors: r-devel-linux-x86_64-debian-gcc, r-release-linux-x86_64