CRAN Package Check Results for Package mixtools

Last updated on 2024-03-01 04:51:47 CET.

Flavor Version Tinstall Tcheck Ttotal Status Flags
r-devel-linux-x86_64-debian-clang 2.0.0 28.81 318.28 347.09 NOTE
r-devel-linux-x86_64-debian-gcc 2.0.0 25.55 230.90 256.45 NOTE
r-devel-linux-x86_64-fedora-clang 2.0.0 453.11 NOTE
r-devel-linux-x86_64-fedora-gcc 2.0.0 430.19 NOTE
r-devel-windows-x86_64 2.0.0 35.00 315.00 350.00 OK
r-patched-linux-x86_64 2.0.0 33.00 315.13 348.13 OK
r-release-linux-x86_64 2.0.0 32.88 313.77 346.65 OK
r-release-macos-arm64 2.0.0 131.00 OK
r-release-macos-x86_64 2.0.0 240.00 OK
r-release-windows-x86_64 2.0.0 46.00 398.00 444.00 OK
r-oldrel-macos-arm64 2.0.0 137.00 OK
r-oldrel-windows-x86_64 2.0.0 44.00 400.00 444.00 OK

Check Details

Version: 2.0.0
Check: Rd files
Result: NOTE checkRd: (-1) CO2data.Rd:14: Lost braces in \itemize; meant \describe ? checkRd: (-1) CO2data.Rd:15: Lost braces in \itemize; meant \describe ? checkRd: (-1) CO2data.Rd:16-17: Lost braces in \itemize; meant \describe ? checkRd: (-1) NOdata.Rd:14: Lost braces in \itemize; meant \describe ? checkRd: (-1) NOdata.Rd:15: Lost braces in \itemize; meant \describe ? Flavors: r-devel-linux-x86_64-debian-clang, r-devel-linux-x86_64-debian-gcc, r-devel-linux-x86_64-fedora-clang, r-devel-linux-x86_64-fedora-gcc