CRAN Package Check Results for Package mixsqp

Last updated on 2023-06-03 05:52:36 CEST.

Flavor Version Tinstall Tcheck Ttotal Status Flags
r-devel-linux-x86_64-debian-clang 0.3-48 77.45 115.90 193.35 NOTE
r-devel-linux-x86_64-debian-gcc 0.3-48 62.81 86.76 149.57 NOTE
r-devel-linux-x86_64-fedora-clang 0.3-48 274.62 NOTE
r-devel-linux-x86_64-fedora-gcc 0.3-48 274.17 NOTE
r-devel-windows-x86_64 0.3-48 62.00 129.00 191.00 NOTE
r-patched-linux-x86_64 0.3-48 NOTE
r-release-linux-x86_64 0.3-48 62.82 112.52 175.34 NOTE
r-release-macos-arm64 0.3-48 82.00 NOTE
r-release-macos-x86_64 0.3-48 134.00 NOTE
r-release-windows-x86_64 0.3-48 81.00 150.00 231.00 NOTE
r-oldrel-macos-arm64 0.3-48 77.00 OK
r-oldrel-macos-x86_64 0.3-48 97.00 OK
r-oldrel-windows-x86_64 0.3-48 77.00 143.00 220.00 OK

Check Details

Version: 0.3-48
Check: C++ specification
Result: NOTE
     Specified C++11: please drop specification unless essential
Flavors: r-devel-linux-x86_64-debian-clang, r-devel-linux-x86_64-debian-gcc, r-devel-linux-x86_64-fedora-clang, r-devel-linux-x86_64-fedora-gcc, r-devel-windows-x86_64, r-patched-linux-x86_64, r-release-linux-x86_64, r-release-macos-arm64, r-release-macos-x86_64, r-release-windows-x86_64