CRAN Package Check Results for Package mixSPE

Last updated on 2023-05-28 05:52:12 CEST.

Flavor Version Tinstall Tcheck Ttotal Status Flags
r-devel-linux-x86_64-debian-clang 0.9.1 2.85 43.00 45.85 NOTE
r-devel-linux-x86_64-debian-gcc 0.9.1 3.16 31.65 34.81 NOTE
r-devel-linux-x86_64-fedora-clang 0.9.1 57.68 NOTE
r-devel-linux-x86_64-fedora-gcc 0.9.1 54.55 NOTE
r-devel-windows-x86_64 0.9.1 4.00 52.00 56.00 NOTE
r-patched-linux-x86_64 0.9.1 4.15 40.47 44.62 NOTE
r-release-linux-x86_64 0.9.1 3.11 40.51 43.62 NOTE
r-release-macos-arm64 0.9.1 23.00 NOTE
r-release-macos-x86_64 0.9.1 30.00 NOTE
r-release-windows-x86_64 0.9.1 5.00 57.00 62.00 NOTE
r-oldrel-macos-arm64 0.9.1 23.00 NOTE
r-oldrel-macos-x86_64 0.9.1 28.00 NOTE
r-oldrel-windows-x86_64 0.9.1 5.00 59.00 64.00 NOTE

Check Details

Version: 0.9.1
Check: LazyData
Result: NOTE
     'LazyData' is specified without a 'data' directory
Flavors: r-devel-linux-x86_64-debian-clang, r-devel-linux-x86_64-debian-gcc, r-devel-linux-x86_64-fedora-clang, r-devel-linux-x86_64-fedora-gcc, r-devel-windows-x86_64, r-patched-linux-x86_64, r-release-linux-x86_64, r-release-macos-arm64, r-release-macos-x86_64, r-release-windows-x86_64, r-oldrel-macos-arm64, r-oldrel-macos-x86_64, r-oldrel-windows-x86_64