CRAN Package Check Results for Package mirtsvd

Last updated on 2023-05-30 05:57:39 CEST.

Flavor Version Tinstall Tcheck Ttotal Status Flags
r-devel-linux-x86_64-debian-clang 1.0 2.73 30.24 32.97 NOTE
r-devel-linux-x86_64-debian-gcc 1.0 2.27 23.33 25.60 NOTE
r-devel-linux-x86_64-fedora-clang 1.0 42.00 NOTE
r-devel-linux-x86_64-fedora-gcc 1.0 40.06 NOTE
r-devel-windows-x86_64 1.0 4.00 49.00 53.00 NOTE
r-patched-linux-x86_64 1.0 5.81 29.33 35.14 NOTE
r-release-linux-x86_64 1.0 2.80 28.93 31.73 NOTE
r-release-macos-arm64 1.0 20.00 NOTE
r-release-macos-x86_64 1.0 28.00 NOTE
r-release-windows-x86_64 1.0 6.00 51.00 57.00 NOTE
r-oldrel-macos-arm64 1.0 17.00 NOTE
r-oldrel-macos-x86_64 1.0 24.00 NOTE
r-oldrel-windows-x86_64 1.0 7.00 56.00 63.00 NOTE

Check Details

Version: 1.0
Check: LazyData
Result: NOTE
     'LazyData' is specified without a 'data' directory
Flavors: r-devel-linux-x86_64-debian-clang, r-devel-linux-x86_64-debian-gcc, r-devel-linux-x86_64-fedora-clang, r-devel-linux-x86_64-fedora-gcc, r-devel-windows-x86_64, r-patched-linux-x86_64, r-release-linux-x86_64, r-release-macos-arm64, r-release-macos-x86_64, r-release-windows-x86_64, r-oldrel-macos-arm64, r-oldrel-macos-x86_64, r-oldrel-windows-x86_64