CRAN Package Check Results for Package mirtjml

Last updated on 2023-06-08 05:58:14 CEST.

Flavor Version Tinstall Tcheck Ttotal Status Flags
r-devel-linux-x86_64-debian-clang 1.4.0 70.26 33.33 103.59 NOTE
r-devel-linux-x86_64-debian-gcc 1.4.0 52.79 25.21 78.00 NOTE
r-devel-linux-x86_64-fedora-clang 1.4.0 148.48 NOTE
r-devel-linux-x86_64-fedora-gcc 1.4.0 147.57 NOTE
r-devel-windows-x86_64 1.4.0 52.00 74.00 126.00 NOTE
r-patched-linux-x86_64 1.4.0 60.29 31.35 91.64 NOTE
r-release-linux-x86_64 1.4.0 60.08 31.67 91.75 NOTE
r-release-macos-arm64 1.4.0 39.00 NOTE
r-release-macos-x86_64 1.4.0 70.00 NOTE
r-release-windows-x86_64 1.4.0 65.00 77.00 142.00 NOTE
r-oldrel-macos-arm64 1.4.0 48.00 OK
r-oldrel-macos-x86_64 1.4.0 48.00 OK
r-oldrel-windows-x86_64 1.4.0 65.00 75.00 140.00 OK

Check Details

Version: 1.4.0
Check: C++ specification
Result: NOTE
     Specified C++11: please drop specification unless essential
Flavors: r-devel-linux-x86_64-debian-clang, r-devel-linux-x86_64-debian-gcc, r-devel-linux-x86_64-fedora-clang, r-devel-linux-x86_64-fedora-gcc, r-devel-windows-x86_64, r-patched-linux-x86_64, r-release-linux-x86_64, r-release-macos-arm64, r-release-macos-x86_64, r-release-windows-x86_64

Version: 1.4.0
Check: package subdirectories
Result: NOTE
    Problems with news in ‘NEWS.md’:
    No news entries found.
Flavors: r-devel-linux-x86_64-debian-clang, r-devel-linux-x86_64-debian-gcc, r-devel-linux-x86_64-fedora-clang, r-devel-linux-x86_64-fedora-gcc, r-devel-windows-x86_64, r-patched-linux-x86_64, r-release-linux-x86_64, r-release-macos-arm64, r-release-macos-x86_64, r-release-windows-x86_64