Last updated on 2023-06-03 05:52:36 CEST.
Flavor | Version | Tinstall | Tcheck | Ttotal | Status | Flags |
---|---|---|---|---|---|---|
r-devel-linux-x86_64-debian-clang | 0.2 | 13.82 | 109.32 | 123.14 | OK | |
r-devel-linux-x86_64-debian-gcc | 0.2 | 11.75 | 85.05 | 96.80 | OK | |
r-devel-linux-x86_64-fedora-clang | 0.2 | 155.41 | NOTE | |||
r-devel-linux-x86_64-fedora-gcc | 0.2 | 170.21 | NOTE | |||
r-devel-windows-x86_64 | 0.2 | 14.00 | 110.00 | 124.00 | OK | |
r-patched-linux-x86_64 | 0.2 | OK | ||||
r-release-linux-x86_64 | 0.2 | 12.94 | 106.61 | 119.55 | OK | |
r-release-macos-arm64 | 0.2 | 56.00 | OK | |||
r-release-macos-x86_64 | 0.2 | 84.00 | OK | |||
r-release-windows-x86_64 | 0.2 | 17.00 | 125.00 | 142.00 | OK | |
r-oldrel-macos-arm64 | 0.2 | 45.00 | NOTE | |||
r-oldrel-macos-x86_64 | 0.2 | 79.00 | NOTE | |||
r-oldrel-windows-x86_64 | 0.2 | 18.00 | 130.00 | 148.00 | OK |
Version: 0.2
Check: dependencies in R code
Result: NOTE
Namespaces in Imports field not imported from:
‘markdown’ ‘metafor’
All declared Imports should be used.
Flavors: r-devel-linux-x86_64-fedora-clang, r-devel-linux-x86_64-fedora-gcc, r-oldrel-macos-arm64, r-oldrel-macos-x86_64