CRAN Package Check Results for Package mimi

Last updated on 2024-04-19 06:03:24 CEST.

Flavor Version Tinstall Tcheck Ttotal Status Flags
r-devel-linux-x86_64-debian-clang 0.2.0 6.41 46.66 53.07 NOTE
r-devel-linux-x86_64-debian-gcc 0.2.0 NOTE
r-devel-linux-x86_64-fedora-clang 0.2.0 66.42 NOTE
r-devel-linux-x86_64-fedora-gcc 0.2.0 62.49 NOTE
r-prerel-macos-arm64 0.2.0 23.00 NOTE
r-prerel-windows-x86_64 0.2.0 7.00 52.00 59.00 NOTE
r-patched-linux-x86_64 0.2.0 5.53 43.90 49.43 NOTE
r-release-linux-x86_64 0.2.0 5.10 44.72 49.82 OK
r-release-macos-arm64 0.2.0 26.00 OK
r-release-macos-x86_64 0.2.0 32.00 OK
r-release-windows-x86_64 0.2.0 10.00 57.00 67.00 OK
r-oldrel-macos-arm64 0.2.0 22.00 NOTE
r-oldrel-windows-x86_64 0.2.0 10.00 62.00 72.00 OK

Check Details

Version: 0.2.0
Check: Rd files
Result: NOTE checkRd: (-1) acs2016.Rd:14: Lost braces 14 | \item{BROADBND}{Cellular data plan for a smartphone or other mobile device}{1 yes 2 no} | ^ checkRd: (-1) acs2016.Rd:21: Lost braces 21 | \item{MHP}{Mobile home costs}{$, yearly} | ^ Flavors: r-devel-linux-x86_64-debian-clang, r-devel-linux-x86_64-debian-gcc, r-devel-linux-x86_64-fedora-clang, r-devel-linux-x86_64-fedora-gcc, r-prerel-macos-arm64, r-prerel-windows-x86_64, r-patched-linux-x86_64

Version: 0.2.0
Check: dependencies in R code
Result: NOTE Namespaces in Imports field not imported from: ‘FactoMineR’ ‘softImpute’ All declared Imports should be used. Flavors: r-devel-linux-x86_64-fedora-clang, r-devel-linux-x86_64-fedora-gcc, r-oldrel-macos-arm64