Last updated on 2023-05-30 05:57:39 CEST.
Flavor | Version | Tinstall | Tcheck | Ttotal | Status | Flags |
---|---|---|---|---|---|---|
r-devel-linux-x86_64-debian-clang | 0.3.1 | 115.19 | 145.75 | 260.94 | NOTE | |
r-devel-linux-x86_64-debian-gcc | 0.3.1 | 83.69 | 108.52 | 192.21 | NOTE | |
r-devel-linux-x86_64-fedora-clang | 0.3.1 | 365.95 | NOTE | |||
r-devel-linux-x86_64-fedora-gcc | 0.3.1 | 380.89 | NOTE | |||
r-devel-windows-x86_64 | 0.3.1 | 80.00 | 155.00 | 235.00 | NOTE | |
r-patched-linux-x86_64 | 0.3.1 | 79.81 | 135.25 | 215.06 | NOTE | |
r-release-linux-x86_64 | 0.3.1 | 94.06 | 135.73 | 229.79 | NOTE | |
r-release-macos-arm64 | 0.3.1 | 106.00 | NOTE | |||
r-release-macos-x86_64 | 0.3.1 | 180.00 | NOTE | |||
r-release-windows-x86_64 | 0.3.1 | 109.00 | 182.00 | 291.00 | NOTE | |
r-oldrel-macos-arm64 | 0.3.1 | 105.00 | NOTE | |||
r-oldrel-macos-x86_64 | 0.3.1 | 150.00 | NOTE | |||
r-oldrel-windows-x86_64 | 0.3.1 | 107.00 | 183.00 | 290.00 | NOTE |
Version: 0.3.1
Check: C++ specification
Result: NOTE
Specified C++11: please drop specification unless essential
Flavors: r-devel-linux-x86_64-debian-clang, r-devel-linux-x86_64-debian-gcc, r-devel-linux-x86_64-fedora-clang, r-devel-linux-x86_64-fedora-gcc, r-devel-windows-x86_64, r-patched-linux-x86_64, r-release-linux-x86_64, r-release-macos-arm64, r-release-macos-x86_64, r-release-windows-x86_64
Version: 0.3.1
Check: LazyData
Result: NOTE
'LazyData' is specified without a 'data' directory
Flavors: r-devel-linux-x86_64-debian-clang, r-devel-linux-x86_64-debian-gcc, r-devel-linux-x86_64-fedora-clang, r-devel-linux-x86_64-fedora-gcc, r-devel-windows-x86_64, r-patched-linux-x86_64, r-release-linux-x86_64, r-release-macos-arm64, r-release-macos-x86_64, r-release-windows-x86_64, r-oldrel-macos-arm64, r-oldrel-macos-x86_64, r-oldrel-windows-x86_64