CRAN Package Check Results for Package michelRodange

Last updated on 2023-06-09 05:55:04 CEST.

Flavor Version Tinstall Tcheck Ttotal Status Flags
r-devel-linux-x86_64-debian-clang 1.0.0 2.01 22.57 24.58 OK
r-devel-linux-x86_64-debian-gcc 1.0.0 1.41 17.82 19.23 OK
r-devel-linux-x86_64-fedora-clang 1.0.0 31.47 NOTE
r-devel-linux-x86_64-fedora-gcc 1.0.0 41.42 NOTE
r-devel-windows-x86_64 1.0.0 10.00 42.00 52.00 OK
r-patched-linux-x86_64 1.0.0 1.92 21.90 23.82 OK
r-release-linux-x86_64 1.0.0 1.62 21.32 22.94 OK
r-release-macos-arm64 1.0.0 22.00 OK
r-release-macos-x86_64 1.0.0 30.00 OK
r-release-windows-x86_64 1.0.0 4.00 42.00 46.00 OK
r-oldrel-macos-arm64 1.0.0 17.00 OK
r-oldrel-macos-x86_64 1.0.0 21.00 NOTE
r-oldrel-windows-x86_64 1.0.0 4.00 42.00 46.00 OK

Check Details

Version: 1.0.0
Check: data for non-ASCII characters
Result: NOTE
     Note: found 9345 marked UTF-8 strings
Flavors: r-devel-linux-x86_64-fedora-clang, r-devel-linux-x86_64-fedora-gcc, r-oldrel-macos-x86_64