Last updated on 2023-06-05 05:54:40 CEST.
Flavor | Version | Tinstall | Tcheck | Ttotal | Status | Flags |
---|---|---|---|---|---|---|
r-devel-linux-x86_64-debian-clang | 1.2 | 27.25 | 79.64 | 106.89 | NOTE | |
r-devel-linux-x86_64-debian-gcc | 1.2 | 21.90 | 61.92 | 83.82 | NOTE | |
r-devel-linux-x86_64-fedora-clang | 1.2 | 142.02 | NOTE | |||
r-devel-linux-x86_64-fedora-gcc | 1.2 | 139.66 | NOTE | |||
r-devel-windows-x86_64 | 1.2 | 22.00 | 91.00 | 113.00 | NOTE | |
r-patched-linux-x86_64 | 1.2 | 23.59 | 76.23 | 99.82 | NOTE | |
r-release-linux-x86_64 | 1.2 | 23.62 | 77.51 | 101.13 | NOTE | |
r-release-macos-arm64 | 1.2 | 47.00 | NOTE | |||
r-release-macos-x86_64 | 1.2 | 69.00 | NOTE | |||
r-release-windows-x86_64 | 1.2 | 31.00 | 114.00 | 145.00 | NOTE | |
r-oldrel-macos-arm64 | 1.2 | 40.00 | OK | |||
r-oldrel-macos-x86_64 | 1.2 | 53.00 | OK | |||
r-oldrel-windows-x86_64 | 1.2 | 31.00 | 107.00 | 138.00 | OK |
Version: 1.2
Check: C++ specification
Result: NOTE
Specified C++14: please drop specification unless essential
Flavors: r-devel-linux-x86_64-debian-clang, r-devel-linux-x86_64-debian-gcc, r-devel-linux-x86_64-fedora-clang, r-devel-linux-x86_64-fedora-gcc, r-devel-windows-x86_64, r-patched-linux-x86_64, r-release-linux-x86_64, r-release-macos-arm64, r-release-macos-x86_64, r-release-windows-x86_64