CRAN Package Check Results for Package metsyn

Last updated on 2023-06-09 05:55:04 CEST.

Flavor Version Tinstall Tcheck Ttotal Status Flags
r-devel-linux-x86_64-debian-clang 0.1.2 5.17 38.53 43.70 NOTE
r-devel-linux-x86_64-debian-gcc 0.1.2 3.73 29.52 33.25 NOTE
r-devel-linux-x86_64-fedora-clang 0.1.2 54.25 NOTE
r-devel-linux-x86_64-fedora-gcc 0.1.2 50.60 NOTE
r-devel-windows-x86_64 0.1.2 6.00 50.00 56.00 NOTE
r-patched-linux-x86_64 0.1.2 4.11 37.05 41.16 NOTE
r-release-linux-x86_64 0.1.2 3.43 37.13 40.56 NOTE
r-release-macos-arm64 0.1.2 21.00 NOTE
r-release-macos-x86_64 0.1.2 29.00 NOTE
r-release-windows-x86_64 0.1.2 7.00 56.00 63.00 NOTE
r-oldrel-macos-arm64 0.1.2 21.00 NOTE
r-oldrel-macos-x86_64 0.1.2 34.00 NOTE
r-oldrel-windows-x86_64 0.1.2 8.00 56.00 64.00 NOTE

Check Details

Version: 0.1.2
Check: LazyData
Result: NOTE
     'LazyData' is specified without a 'data' directory
Flavors: r-devel-linux-x86_64-debian-clang, r-devel-linux-x86_64-debian-gcc, r-devel-linux-x86_64-fedora-clang, r-devel-linux-x86_64-fedora-gcc, r-devel-windows-x86_64, r-patched-linux-x86_64, r-release-linux-x86_64, r-release-macos-arm64, r-release-macos-x86_64, r-release-windows-x86_64, r-oldrel-macos-arm64, r-oldrel-macos-x86_64, r-oldrel-windows-x86_64