Last updated on 2023-06-02 05:58:03 CEST.
Flavor | Version | Tinstall | Tcheck | Ttotal | Status | Flags |
---|---|---|---|---|---|---|
r-devel-linux-x86_64-debian-clang | 0.9.1 | 6.32 | 48.80 | 55.12 | OK | |
r-devel-linux-x86_64-debian-gcc | 0.9.1 | 4.62 | 37.93 | 42.55 | OK | |
r-devel-linux-x86_64-fedora-clang | 0.9.1 | 69.71 | NOTE | |||
r-devel-linux-x86_64-fedora-gcc | 0.9.1 | 64.60 | NOTE | |||
r-devel-windows-x86_64 | 0.9.1 | 7.00 | 65.00 | 72.00 | OK | |
r-patched-linux-x86_64 | 0.9.1 | OK | ||||
r-release-linux-x86_64 | 0.9.1 | 5.15 | 46.86 | 52.01 | OK | |
r-release-macos-arm64 | 0.9.1 | 26.00 | OK | |||
r-release-macos-x86_64 | 0.9.1 | 37.00 | OK | |||
r-release-windows-x86_64 | 0.9.1 | 9.00 | 70.00 | 79.00 | OK | |
r-oldrel-macos-arm64 | 0.9.1 | 22.00 | NOTE | |||
r-oldrel-macos-x86_64 | 0.9.1 | 34.00 | NOTE | |||
r-oldrel-windows-x86_64 | 0.9.1 | 8.00 | 67.00 | 75.00 | OK |
Version: 0.9.1
Check: data for non-ASCII characters
Result: NOTE
Note: found 1 marked UTF-8 string
Flavors: r-devel-linux-x86_64-fedora-clang, r-devel-linux-x86_64-fedora-gcc, r-oldrel-macos-arm64, r-oldrel-macos-x86_64