Last updated on 2023-06-05 05:54:40 CEST.
Flavor | Version | Tinstall | Tcheck | Ttotal | Status | Flags |
---|---|---|---|---|---|---|
r-devel-linux-x86_64-debian-clang | 0.3-4 | 21.44 | 30.53 | 51.97 | NOTE | |
r-devel-linux-x86_64-debian-gcc | 0.3-4 | 16.34 | 24.50 | 40.84 | NOTE | |
r-devel-linux-x86_64-fedora-clang | 0.3-4 | 75.54 | NOTE | |||
r-devel-linux-x86_64-fedora-gcc | 0.3-4 | 70.21 | NOTE | |||
r-devel-windows-x86_64 | 0.3-4 | 20.00 | 61.00 | 81.00 | NOTE | |
r-patched-linux-x86_64 | 0.3-4 | 20.25 | 29.50 | 49.75 | NOTE | |
r-release-linux-x86_64 | 0.3-4 | 18.29 | 29.63 | 47.92 | NOTE | |
r-release-macos-arm64 | 0.3-4 | 26.00 | NOTE | |||
r-release-macos-x86_64 | 0.3-4 | 37.00 | NOTE | |||
r-release-windows-x86_64 | 0.3-4 | 21.00 | 123.00 | 144.00 | NOTE | |
r-oldrel-macos-arm64 | 0.3-4 | 25.00 | OK | |||
r-oldrel-macos-x86_64 | 0.3-4 | 31.00 | OK | |||
r-oldrel-windows-x86_64 | 0.3-4 | 26.00 | 69.00 | 95.00 | OK |
Version: 0.3-4
Check: C++ specification
Result: NOTE
Specified C++11: please drop specification unless essential
Flavors: r-devel-linux-x86_64-debian-clang, r-devel-linux-x86_64-debian-gcc, r-devel-linux-x86_64-fedora-clang, r-devel-linux-x86_64-fedora-gcc, r-devel-windows-x86_64, r-patched-linux-x86_64, r-release-linux-x86_64, r-release-macos-arm64, r-release-macos-x86_64, r-release-windows-x86_64