CRAN Package Check Results for Package metamer

Last updated on 2023-06-02 05:58:03 CEST.

Flavor Version Tinstall Tcheck Ttotal Status Flags
r-devel-linux-x86_64-debian-clang 0.3.0 3.48 39.33 42.81 OK
r-devel-linux-x86_64-debian-gcc 0.3.0 3.00 29.90 32.90 OK
r-devel-linux-x86_64-fedora-clang 0.3.0 52.02 NOTE
r-devel-linux-x86_64-fedora-gcc 0.3.0 50.56 NOTE
r-devel-windows-x86_64 0.3.0 5.00 52.00 57.00 OK
r-patched-linux-x86_64 0.3.0 OK
r-release-linux-x86_64 0.3.0 3.86 37.48 41.34 OK
r-release-macos-arm64 0.3.0 24.00 OK
r-release-macos-x86_64 0.3.0 32.00 OK
r-release-windows-x86_64 0.3.0 5.00 54.00 59.00 OK
r-oldrel-macos-arm64 0.3.0 22.00 NOTE
r-oldrel-macos-x86_64 0.3.0 29.00 NOTE
r-oldrel-windows-x86_64 0.3.0 5.00 58.00 63.00 OK

Check Details

Version: 0.3.0
Check: dependencies in R code
Result: NOTE
    Namespace in Imports field not imported from: ‘progress’
     All declared Imports should be used.
Flavors: r-devel-linux-x86_64-fedora-clang, r-devel-linux-x86_64-fedora-gcc, r-oldrel-macos-arm64, r-oldrel-macos-x86_64