CRAN Package Check Results for Package metabolic

Last updated on 2023-06-03 05:52:35 CEST.

Flavor Version Tinstall Tcheck Ttotal Status Flags
r-devel-linux-x86_64-debian-clang 0.1.1 5.11 47.27 52.38 OK
r-devel-linux-x86_64-debian-gcc 0.1.1 4.56 35.58 40.14 OK
r-devel-linux-x86_64-fedora-clang 0.1.1 68.12 NOTE
r-devel-linux-x86_64-fedora-gcc 0.1.1 63.58 NOTE
r-devel-windows-x86_64 0.1.1 7.00 62.00 69.00 OK
r-patched-linux-x86_64 0.1.1 OK
r-release-linux-x86_64 0.1.1 5.52 43.65 49.17 OK
r-release-macos-arm64 0.1.1 26.00 OK
r-release-macos-x86_64 0.1.1 35.00 OK
r-release-windows-x86_64 0.1.1 8.00 67.00 75.00 OK
r-oldrel-macos-arm64 0.1.1 23.00 NOTE
r-oldrel-macos-x86_64 0.1.1 33.00 NOTE
r-oldrel-windows-x86_64 0.1.1 8.00 62.00 70.00 OK

Check Details

Version: 0.1.1
Check: data for non-ASCII characters
Result: NOTE
     Note: found 37 marked UTF-8 strings
Flavors: r-devel-linux-x86_64-fedora-clang, r-devel-linux-x86_64-fedora-gcc, r-oldrel-macos-arm64, r-oldrel-macos-x86_64