CRAN Package Check Results for Package metaEnsembleR

Last updated on 2023-06-09 05:55:03 CEST.

Flavor Version Tinstall Tcheck Ttotal Status Flags
r-devel-linux-x86_64-debian-clang 0.1.0 3.61 37.78 41.39 OK
r-devel-linux-x86_64-debian-gcc 0.1.0 2.40 30.02 32.42 OK
r-devel-linux-x86_64-fedora-clang 0.1.0 54.52 NOTE
r-devel-linux-x86_64-fedora-gcc 0.1.0 61.44 NOTE
r-devel-windows-x86_64 0.1.0 5.00 50.00 55.00 OK
r-patched-linux-x86_64 0.1.0 3.51 37.40 40.91 OK
r-release-linux-x86_64 0.1.0 2.26 36.76 39.02 OK
r-release-macos-arm64 0.1.0 26.00 OK
r-release-macos-x86_64 0.1.0 36.00 OK
r-release-windows-x86_64 0.1.0 6.00 55.00 61.00 OK
r-oldrel-macos-arm64 0.1.0 18.00 NOTE
r-oldrel-macos-x86_64 0.1.0 28.00 NOTE
r-oldrel-windows-x86_64 0.1.0 7.00 55.00 62.00 OK

Check Details

Version: 0.1.0
Check: dependencies in R code
Result: NOTE
    Namespaces in Imports field not imported from:
     ‘e1071’ ‘gbm’ ‘ggplot2’ ‘graphics’ ‘randomForest’
     All declared Imports should be used.
Flavors: r-devel-linux-x86_64-fedora-clang, r-devel-linux-x86_64-fedora-gcc, r-oldrel-macos-arm64, r-oldrel-macos-x86_64