CRAN Package Check Results for Package messydates

Last updated on 2023-06-01 05:55:58 CEST.

Flavor Version Tinstall Tcheck Ttotal Status Flags
r-devel-linux-x86_64-debian-clang 0.3.5 8.08 78.78 86.86 OK
r-devel-linux-x86_64-debian-gcc 0.3.5 7.12 59.58 66.70 OK
r-devel-linux-x86_64-fedora-clang 0.3.5 108.41 NOTE
r-devel-linux-x86_64-fedora-gcc 0.3.5 111.51 NOTE
r-devel-windows-x86_64 0.3.5 8.00 83.00 91.00 OK
r-patched-linux-x86_64 0.3.5 OK
r-release-linux-x86_64 0.3.5 7.28 72.91 80.19 OK
r-release-macos-arm64 0.3.5 42.00 OK
r-release-macos-x86_64 0.3.5 64.00 OK
r-release-windows-x86_64 0.3.5 11.00 96.00 107.00 OK
r-oldrel-macos-arm64 0.3.5 36.00 OK
r-oldrel-macos-x86_64 0.3.5 50.00 OK
r-oldrel-windows-x86_64 0.3.5 11.00 97.00 108.00 OK

Check Details

Version: 0.3.5
Check: data for non-ASCII characters
Result: NOTE
     Note: found 1 marked UTF-8 string
Flavors: r-devel-linux-x86_64-fedora-clang, r-devel-linux-x86_64-fedora-gcc