CRAN Package Check Results for Package messaging

Last updated on 2023-06-08 05:58:14 CEST.

Flavor Version Tinstall Tcheck Ttotal Status Flags
r-devel-linux-x86_64-debian-clang 0.1.0 5.04 42.94 47.98 NOTE
r-devel-linux-x86_64-debian-gcc 0.1.0 3.86 32.50 36.36 NOTE
r-devel-linux-x86_64-fedora-clang 0.1.0 58.50 NOTE
r-devel-linux-x86_64-fedora-gcc 0.1.0 55.78 NOTE
r-devel-windows-x86_64 0.1.0 6.00 53.00 59.00 NOTE
r-patched-linux-x86_64 0.1.0 5.35 40.92 46.27 NOTE
r-release-linux-x86_64 0.1.0 4.74 40.37 45.11 NOTE
r-release-macos-arm64 0.1.0 24.00 NOTE
r-release-macos-x86_64 0.1.0 31.00 NOTE
r-release-windows-x86_64 0.1.0 6.00 57.00 63.00 NOTE
r-oldrel-macos-arm64 0.1.0 23.00 NOTE
r-oldrel-macos-x86_64 0.1.0 42.00 NOTE
r-oldrel-windows-x86_64 0.1.0 7.00 59.00 66.00 NOTE

Check Details

Version: 0.1.0
Check: LazyData
Result: NOTE
     'LazyData' is specified without a 'data' directory
Flavors: r-devel-linux-x86_64-debian-clang, r-devel-linux-x86_64-debian-gcc, r-devel-linux-x86_64-fedora-clang, r-devel-linux-x86_64-fedora-gcc, r-devel-windows-x86_64, r-patched-linux-x86_64, r-release-linux-x86_64, r-release-macos-arm64, r-release-macos-x86_64, r-release-windows-x86_64, r-oldrel-macos-arm64, r-oldrel-macos-x86_64, r-oldrel-windows-x86_64