Last updated on 2023-05-28 05:52:12 CEST.
Flavor | Version | Tinstall | Tcheck | Ttotal | Status | Flags |
---|---|---|---|---|---|---|
r-devel-linux-x86_64-debian-clang | 0.99.31.6 | 42.71 | 188.34 | 231.05 | OK | |
r-devel-linux-x86_64-debian-gcc | 0.99.31.6 | 32.87 | 139.48 | 172.35 | OK | |
r-devel-linux-x86_64-fedora-clang | 0.99.31.6 | 277.20 | NOTE | |||
r-devel-linux-x86_64-fedora-gcc | 0.99.31.6 | 282.01 | OK | |||
r-devel-windows-x86_64 | 0.99.31.6 | 33.00 | 159.00 | 192.00 | NOTE | |
r-patched-linux-x86_64 | 0.99.31.6 | 38.09 | 177.61 | 215.70 | OK | |
r-release-linux-x86_64 | 0.99.31.6 | 29.70 | 175.36 | 205.06 | OK | |
r-release-macos-arm64 | 0.99.31.6 | 78.00 | NOTE | |||
r-release-macos-x86_64 | 0.99.31.6 | 141.00 | NOTE | |||
r-release-windows-x86_64 | 0.99.31.6 | 34.00 | 200.00 | 234.00 | NOTE | |
r-oldrel-macos-arm64 | 0.99.31.6 | 67.00 | NOTE | |||
r-oldrel-macos-x86_64 | 0.99.31.6 | 93.00 | NOTE | |||
r-oldrel-windows-x86_64 | 0.99.31.6 | 44.00 | 191.00 | 235.00 | NOTE |
Version: 0.99.31.6
Check: installed package size
Result: NOTE
installed size is 5.3Mb
sub-directories of 1Mb or more:
R 1.4Mb
doc 3.1Mb
Flavors: r-devel-linux-x86_64-fedora-clang, r-devel-windows-x86_64, r-release-macos-arm64, r-release-macos-x86_64, r-release-windows-x86_64, r-oldrel-macos-arm64, r-oldrel-macos-x86_64, r-oldrel-windows-x86_64