CRAN Package Check Results for Package measuRing

Last updated on 2023-05-29 05:55:07 CEST.

Flavor Version Tinstall Tcheck Ttotal Status Flags
r-devel-linux-x86_64-debian-clang 0.5 11.99 109.79 121.78 NOTE
r-devel-linux-x86_64-debian-gcc 0.5 9.16 84.09 93.25 NOTE
r-devel-linux-x86_64-fedora-clang 0.5 152.59 NOTE
r-devel-linux-x86_64-fedora-gcc 0.5 145.63 NOTE
r-devel-windows-x86_64 0.5 12.00 97.00 109.00 NOTE
r-patched-linux-x86_64 0.5 12.24 103.26 115.50 NOTE
r-release-linux-x86_64 0.5 10.06 105.60 115.66 NOTE
r-release-macos-arm64 0.5 50.00 NOTE
r-release-macos-x86_64 0.5 75.00 NOTE
r-release-windows-x86_64 0.5 14.00 122.00 136.00 NOTE
r-oldrel-macos-arm64 0.5 38.00 NOTE
r-oldrel-macos-x86_64 0.5 55.00 NOTE
r-oldrel-windows-x86_64 0.5 14.00 114.00 128.00 NOTE

Check Details

Version: 0.5
Check: LazyData
Result: NOTE
     'LazyData' is specified without a 'data' directory
Flavors: r-devel-linux-x86_64-debian-clang, r-devel-linux-x86_64-debian-gcc, r-devel-linux-x86_64-fedora-clang, r-devel-linux-x86_64-fedora-gcc, r-devel-windows-x86_64, r-patched-linux-x86_64, r-release-linux-x86_64, r-release-macos-arm64, r-release-macos-x86_64, r-release-windows-x86_64, r-oldrel-macos-arm64, r-oldrel-macos-x86_64, r-oldrel-windows-x86_64