CRAN Package Check Results for Package mdsdt

Last updated on 2023-06-08 05:58:14 CEST.

Flavor Version Tinstall Tcheck Ttotal Status Flags
r-devel-linux-x86_64-debian-clang 1.2 3.48 37.43 40.91 NOTE
r-devel-linux-x86_64-debian-gcc 1.2 3.29 29.45 32.74 NOTE
r-devel-linux-x86_64-fedora-clang 1.2 53.35 NOTE
r-devel-linux-x86_64-fedora-gcc 1.2 50.39 NOTE
r-devel-windows-x86_64 1.2 5.00 52.00 57.00 NOTE
r-patched-linux-x86_64 1.2 4.73 35.97 40.70 NOTE
r-release-linux-x86_64 1.2 3.13 36.16 39.29 NOTE
r-release-macos-arm64 1.2 30.00 NOTE
r-release-macos-x86_64 1.2 30.00 NOTE
r-release-windows-x86_64 1.2 7.00 53.00 60.00 NOTE
r-oldrel-macos-arm64 1.2 23.00 OK
r-oldrel-macos-x86_64 1.2 27.00 OK
r-oldrel-windows-x86_64 1.2 7.00 103.00 110.00 OK

Check Details

Version: 1.2
Check: Rd files
Result: NOTE
    checkRd: (-1) mriTest.Rd:9: Escaped LaTeX specials: \&
    checkRd: (-1) riTest.Rd:9: Escaped LaTeX specials: \&
Flavors: r-devel-linux-x86_64-debian-clang, r-devel-linux-x86_64-debian-gcc, r-devel-linux-x86_64-fedora-clang, r-devel-linux-x86_64-fedora-gcc, r-devel-windows-x86_64, r-patched-linux-x86_64, r-release-linux-x86_64, r-release-macos-arm64, r-release-macos-x86_64, r-release-windows-x86_64