Last updated on 2023-12-08 05:02:09 CET.
Flavor | Version | Tinstall | Tcheck | Ttotal | Status | Flags |
---|---|---|---|---|---|---|
r-devel-linux-x86_64-debian-clang | 0.7.6 | 124.70 | 331.69 | 456.39 | OK | |
r-devel-linux-x86_64-debian-gcc | 0.7.6 | 97.54 | 253.17 | 350.71 | OK | |
r-devel-linux-x86_64-fedora-clang | 0.7.6 | 625.33 | OK | |||
r-devel-linux-x86_64-fedora-gcc | 0.7.6 | 503.68 | OK | |||
r-devel-windows-x86_64 | 0.7.6 | 100.00 | 286.00 | 386.00 | OK | |
r-patched-linux-x86_64 | 0.7.6 | 117.49 | 332.34 | 449.83 | OK | |
r-release-linux-x86_64 | 0.7.5 | 114.67 | 313.44 | 428.11 | OK | |
r-release-macos-arm64 | 0.7.6 | 166.00 | NOTE | |||
r-release-macos-x86_64 | 0.7.6 | 423.00 | NOTE | |||
r-release-windows-x86_64 | 0.7.6 | 127.00 | 355.00 | 482.00 | OK | |
r-oldrel-macos-arm64 | 0.7.6 | 153.00 | NOTE | |||
r-oldrel-macos-x86_64 | 0.7.5 | 202.00 | NOTE | |||
r-oldrel-windows-x86_64 | 0.7.5 | 89.00 | 306.00 | 395.00 | OK |
Version: 0.7.6
Check: installed package size
Result: NOTE
installed size is 18.5Mb
sub-directories of 1Mb or more:
R 2.1Mb
libs 16.0Mb
Flavors: r-release-macos-arm64, r-release-macos-x86_64, r-oldrel-macos-arm64
Version: 0.7.5
Check: installed package size
Result: NOTE
installed size is 19.2Mb
sub-directories of 1Mb or more:
libs 17.7Mb
Flavor: r-oldrel-macos-x86_64