CRAN Package Check Results for Package mcemGLM

Last updated on 2023-05-29 05:55:07 CEST.

Flavor Version Tinstall Tcheck Ttotal Status Flags
r-devel-linux-x86_64-debian-clang 1.1.3 800.27 172.18 972.45 OK --no-vignettes
r-devel-linux-x86_64-debian-gcc 1.1.3 598.22 97.08 695.30 OK --no-vignettes
r-devel-linux-x86_64-fedora-clang 1.1.3 1427.62 NOTE --no-vignettes
r-devel-linux-x86_64-fedora-gcc 1.1.3 1340.85 NOTE --no-vignettes
r-devel-windows-x86_64 1.1.3 597.00 77.00 674.00 NOTE --no-vignettes
r-patched-linux-x86_64 1.1.3 619.93 174.69 794.62 OK --no-vignettes
r-release-linux-x86_64 1.1.3 653.59 176.87 830.46 OK --no-vignettes
r-release-macos-arm64 1.1.3 1803.00 NOTE
r-release-macos-x86_64 1.1.3 1803.00 ERROR
r-release-windows-x86_64 1.1.3 698.00 92.00 790.00 NOTE --no-vignettes
r-oldrel-macos-arm64 1.1.3 1803.00 NOTE
r-oldrel-macos-x86_64 1.1.3 1803.00 NOTE
r-oldrel-windows-x86_64 1.1.3 760.00 79.00 839.00 NOTE --no-vignettes

Check Details

Version: 1.1.3
Flags: --no-vignettes
Check: compiled code
Result: NOTE
    File ‘mcemGLM/libs/mcemGLM.so’:
     Found no calls to: ‘R_registerRoutines’, ‘R_useDynamicSymbols’
    
    It is good practice to register native routines and to disable symbol
    search.
    
    See ‘Writing portable packages’ in the ‘Writing R Extensions’ manual.
Flavors: r-devel-linux-x86_64-fedora-clang, r-devel-linux-x86_64-fedora-gcc

Version: 1.1.3
Flags: --no-vignettes
Check: installed package size
Result: NOTE
     installed size is 5.5Mb
     sub-directories of 1Mb or more:
     doc 3.8Mb
     libs 1.5Mb
Flavors: r-devel-windows-x86_64, r-release-windows-x86_64, r-oldrel-windows-x86_64

Version: 1.1.3
Check: installed package size
Result: NOTE
     installed size is 17.8Mb
     sub-directories of 1Mb or more:
     doc 3.8Mb
     libs 13.7Mb
Flavors: r-release-macos-arm64, r-release-macos-x86_64, r-oldrel-macos-arm64, r-oldrel-macos-x86_64

Version: 1.1.3
Check: running R code from vignettes
Result: ERROR
    Errors in running code in vignettes:
    when running code in ‘mcemGLM-vignette.Rnw’
     ...
     6 : 6 6 : 6 Max. :1.000
     (Other):324 (Other):324
    
    > fitBernoulli <- mcemGLMM(fixed = Mate ~ 0 + Cross,
    + random = list(~0 + Female, ~0 + Male), data = salamander,
    + family = "bernoulli", vcD .... [TRUNCATED]
    
    Execution halted
    
    ... incomplete output. Crash?
    
     ‘mcemGLM-vignette.Rnw’... failed to complete the test
    * checking re-building of vignette outputs ...* using check arguments '--no-clean-on-error '
Flavor: r-release-macos-x86_64