CRAN Package Check Results for Package mcStats

Last updated on 2023-06-09 05:55:03 CEST.

Flavor Version Tinstall Tcheck Ttotal Status Flags
r-devel-linux-x86_64-debian-clang 0.1.2 6.89 69.82 76.71 NOTE
r-devel-linux-x86_64-debian-gcc 0.1.2 5.20 52.84 58.04 NOTE
r-devel-linux-x86_64-fedora-clang 0.1.2 93.45 NOTE
r-devel-linux-x86_64-fedora-gcc 0.1.2 88.19 NOTE
r-devel-windows-x86_64 0.1.2 8.00 80.00 88.00 NOTE
r-patched-linux-x86_64 0.1.2 5.67 64.23 69.90 NOTE
r-release-linux-x86_64 0.1.2 4.20 66.15 70.35 NOTE
r-release-macos-arm64 0.1.2 33.00 NOTE
r-release-macos-x86_64 0.1.2 48.00 NOTE
r-release-windows-x86_64 0.1.2 9.00 90.00 99.00 NOTE
r-oldrel-macos-arm64 0.1.2 32.00 NOTE
r-oldrel-macos-x86_64 0.1.2 62.00 NOTE
r-oldrel-windows-x86_64 0.1.2 10.00 91.00 101.00 NOTE

Check Details

Version: 0.1.2
Check: LazyData
Result: NOTE
     'LazyData' is specified without a 'data' directory
Flavors: r-devel-linux-x86_64-debian-clang, r-devel-linux-x86_64-debian-gcc, r-devel-linux-x86_64-fedora-clang, r-devel-linux-x86_64-fedora-gcc, r-devel-windows-x86_64, r-patched-linux-x86_64, r-release-linux-x86_64, r-release-macos-arm64, r-release-macos-x86_64, r-release-windows-x86_64, r-oldrel-macos-arm64, r-oldrel-macos-x86_64, r-oldrel-windows-x86_64