CRAN Package Check Results for Package mazeinda

Last updated on 2023-06-08 05:58:13 CEST.

Flavor Version Tinstall Tcheck Ttotal Status Flags
r-devel-linux-x86_64-debian-clang 0.0.2 2.75 27.17 29.92 OK --no-vignettes
r-devel-linux-x86_64-debian-gcc 0.0.2 1.50 21.23 22.73 OK --no-vignettes
r-devel-linux-x86_64-fedora-clang 0.0.2 1046.72 OK
r-devel-linux-x86_64-fedora-gcc 0.0.2 1081.28 OK
r-devel-windows-x86_64 0.0.2 3.00 534.00 537.00 NOTE
r-patched-linux-x86_64 0.0.2 2.79 26.43 29.22 OK --no-vignettes
r-release-linux-x86_64 0.0.2 2.58 26.17 28.75 OK --no-vignettes
r-release-macos-arm64 0.0.2 229.00 OK
r-release-macos-x86_64 0.0.2 463.00 OK
r-release-windows-x86_64 0.0.2 4.00 688.00 692.00 NOTE
r-oldrel-macos-arm64 0.0.2 206.00 OK
r-oldrel-macos-x86_64 0.0.2 288.00 OK
r-oldrel-windows-x86_64 0.0.2 5.00 686.00 691.00 NOTE

Check Details

Version: 0.0.2
Check: package dependencies
Result: NOTE
    Package suggested but not available for checking: 'doMC'
Flavors: r-devel-windows-x86_64, r-release-windows-x86_64, r-oldrel-windows-x86_64