Last updated on 2023-06-05 05:54:40 CEST.
Flavor | Version | Tinstall | Tcheck | Ttotal | Status | Flags |
---|---|---|---|---|---|---|
r-devel-linux-x86_64-debian-clang | 2.5.2 | 2.72 | 27.21 | 29.93 | OK | |
r-devel-linux-x86_64-debian-gcc | 2.5.2 | 2.19 | 21.19 | 23.38 | OK | |
r-devel-linux-x86_64-fedora-clang | 2.5.2 | 39.78 | NOTE | |||
r-devel-linux-x86_64-fedora-gcc | 2.5.2 | 47.90 | OK | |||
r-devel-windows-x86_64 | 2.5.2 | 5.00 | 46.00 | 51.00 | OK | |
r-patched-linux-x86_64 | 2.5.2 | 3.03 | 26.28 | 29.31 | OK | |
r-release-linux-x86_64 | 2.5.2 | 2.58 | 25.93 | 28.51 | OK | |
r-release-macos-arm64 | 2.5.2 | 24.00 | OK | |||
r-release-macos-x86_64 | 2.5.2 | 29.00 | OK | |||
r-release-windows-x86_64 | 2.5.2 | 8.00 | 45.00 | 53.00 | OK | |
r-oldrel-macos-arm64 | 2.5.2 | 16.00 | OK | |||
r-oldrel-macos-x86_64 | 2.5.2 | 24.00 | OK | |||
r-oldrel-windows-x86_64 | 2.5.2 | 6.00 | 50.00 | 56.00 | OK |
Version: 2.5.2
Check: Rd cross-references
Result: NOTE
Undeclared package ‘tracerer’ in Rd xrefs
Flavor: r-devel-linux-x86_64-fedora-clang