CRAN Package Check Results for Package matrixsampling

Last updated on 2023-05-28 05:52:12 CEST.

Flavor Version Tinstall Tcheck Ttotal Status Flags
r-devel-linux-x86_64-debian-clang 2.0.0 3.90 42.38 46.28 NOTE
r-devel-linux-x86_64-debian-gcc 2.0.0 2.91 31.67 34.58 NOTE
r-devel-linux-x86_64-fedora-clang 2.0.0 58.67 NOTE
r-devel-linux-x86_64-fedora-gcc 2.0.0 53.58 NOTE
r-devel-windows-x86_64 2.0.0 4.00 53.00 57.00 NOTE
r-patched-linux-x86_64 2.0.0 4.18 39.79 43.97 NOTE
r-release-linux-x86_64 2.0.0 2.23 40.51 42.74 NOTE
r-release-macos-arm64 2.0.0 19.00 NOTE
r-release-macos-x86_64 2.0.0 31.00 NOTE
r-release-windows-x86_64 2.0.0 6.00 67.00 73.00 NOTE
r-oldrel-macos-arm64 2.0.0 19.00 NOTE
r-oldrel-macos-x86_64 2.0.0 27.00 NOTE
r-oldrel-windows-x86_64 2.0.0 8.00 68.00 76.00 NOTE

Check Details

Version: 2.0.0
Check: LazyData
Result: NOTE
     'LazyData' is specified without a 'data' directory
Flavors: r-devel-linux-x86_64-debian-clang, r-devel-linux-x86_64-debian-gcc, r-devel-linux-x86_64-fedora-clang, r-devel-linux-x86_64-fedora-gcc, r-devel-windows-x86_64, r-patched-linux-x86_64, r-release-linux-x86_64, r-release-macos-arm64, r-release-macos-x86_64, r-release-windows-x86_64, r-oldrel-macos-arm64, r-oldrel-macos-x86_64, r-oldrel-windows-x86_64