CRAN Package Check Results for Package matrixNormal

Last updated on 2023-05-27 05:52:32 CEST.

Flavor Version Tinstall Tcheck Ttotal Status Flags
r-devel-linux-x86_64-debian-clang 0.1.1 2.29 30.58 32.87 OK
r-devel-linux-x86_64-debian-gcc 0.1.1 1.99 24.31 26.30 OK
r-devel-linux-x86_64-fedora-clang 0.1.1 44.53 OK
r-devel-linux-x86_64-fedora-gcc 0.1.1 51.76 OK
r-devel-windows-x86_64 0.1.1 5.00 48.00 53.00 OK
r-patched-linux-x86_64 0.1.1 2.60 30.50 33.10 OK
r-release-linux-x86_64 0.1.1 2.26 29.95 32.21 OK
r-release-macos-arm64 0.1.1 25.00 OK
r-release-macos-x86_64 0.1.1 33.00 NOTE
r-release-windows-x86_64 0.1.1 4.00 51.00 55.00 OK
r-oldrel-macos-arm64 0.1.1 20.00 OK
r-oldrel-macos-x86_64 0.1.1 50.00 OK
r-oldrel-windows-x86_64 0.1.1 6.00 55.00 61.00 OK

Check Details

Version: 0.1.1
Check: package dependencies
Result: NOTE
    Package suggested but not available for checking: ‘MBSP’
Flavor: r-release-macos-x86_64