CRAN Package Check Results for Package matricks

Last updated on 2023-06-05 05:54:40 CEST.

Flavor Version Tinstall Tcheck Ttotal Status Flags
r-devel-linux-x86_64-debian-clang 0.8.2 24.21 60.68 84.89 NOTE
r-devel-linux-x86_64-debian-gcc 0.8.2 17.55 46.28 63.83 NOTE
r-devel-linux-x86_64-fedora-clang 0.8.2 114.48 NOTE
r-devel-linux-x86_64-fedora-gcc 0.8.2 117.01 NOTE
r-devel-windows-x86_64 0.8.2 21.00 87.00 108.00 NOTE
r-patched-linux-x86_64 0.8.2 16.99 56.26 73.25 NOTE
r-release-linux-x86_64 0.8.2 20.10 57.14 77.24 NOTE
r-release-macos-arm64 0.8.2 44.00 NOTE
r-release-macos-x86_64 0.8.2 64.00 NOTE
r-release-windows-x86_64 0.8.2 26.00 103.00 129.00 NOTE
r-oldrel-macos-arm64 0.8.2 35.00 NOTE
r-oldrel-macos-x86_64 0.8.2 62.00 NOTE
r-oldrel-windows-x86_64 0.8.2 25.00 104.00 129.00 NOTE

Check Details

Version: 0.8.2
Check: LazyData
Result: NOTE
     'LazyData' is specified without a 'data' directory
Flavors: r-devel-linux-x86_64-debian-clang, r-devel-linux-x86_64-debian-gcc, r-devel-linux-x86_64-fedora-clang, r-devel-linux-x86_64-fedora-gcc, r-devel-windows-x86_64, r-patched-linux-x86_64, r-release-linux-x86_64, r-release-macos-arm64, r-release-macos-x86_64, r-release-windows-x86_64, r-oldrel-macos-arm64, r-oldrel-macos-x86_64, r-oldrel-windows-x86_64