CRAN Package Check Results for Package matchFeat

Last updated on 2023-06-08 05:58:13 CEST.

Flavor Version Tinstall Tcheck Ttotal Status Flags
r-devel-linux-x86_64-debian-clang 1.0 3.63 37.20 40.83 NOTE
r-devel-linux-x86_64-debian-gcc 1.0 3.58 28.97 32.55 NOTE
r-devel-linux-x86_64-fedora-clang 1.0 53.95 NOTE
r-devel-linux-x86_64-fedora-gcc 1.0 51.44 NOTE
r-devel-windows-x86_64 1.0 5.00 51.00 56.00 NOTE
r-patched-linux-x86_64 1.0 3.50 36.55 40.05 NOTE
r-release-linux-x86_64 1.0 4.62 36.04 40.66 NOTE
r-release-macos-arm64 1.0 24.00 NOTE
r-release-macos-x86_64 1.0 27.00 NOTE
r-release-windows-x86_64 1.0 6.00 53.00 59.00 NOTE
r-oldrel-macos-arm64 1.0 26.00 NOTE
r-oldrel-macos-x86_64 1.0 27.00 NOTE
r-oldrel-windows-x86_64 1.0 6.00 55.00 61.00 NOTE

Check Details

Version: 1.0
Check: package dependencies
Result: NOTE
    Package suggested but not available for checking: ‘gurobi’
Flavors: r-devel-linux-x86_64-debian-clang, r-devel-linux-x86_64-debian-gcc, r-devel-linux-x86_64-fedora-clang, r-devel-linux-x86_64-fedora-gcc, r-devel-windows-x86_64, r-patched-linux-x86_64, r-release-linux-x86_64, r-release-macos-arm64, r-release-macos-x86_64, r-release-windows-x86_64, r-oldrel-macos-arm64, r-oldrel-macos-x86_64, r-oldrel-windows-x86_64