Last updated on 2023-06-02 05:58:03 CEST.
Flavor | Version | Tinstall | Tcheck | Ttotal | Status | Flags |
---|---|---|---|---|---|---|
r-devel-linux-x86_64-debian-clang | 2.0 | 67.10 | 152.86 | 219.96 | NOTE | |
r-devel-linux-x86_64-debian-gcc | 2.0 | 58.54 | 111.06 | 169.60 | NOTE | |
r-devel-linux-x86_64-fedora-clang | 2.0 | 283.35 | NOTE | |||
r-devel-linux-x86_64-fedora-gcc | 2.0 | 279.54 | NOTE | |||
r-devel-windows-x86_64 | 2.0 | 54.00 | 122.00 | 176.00 | NOTE | |
r-patched-linux-x86_64 | 2.0 | NOTE | ||||
r-release-linux-x86_64 | 2.0 | 61.33 | 142.05 | 203.38 | NOTE | |
r-release-macos-arm64 | 2.0 | 72.00 | NOTE | |||
r-release-macos-x86_64 | 2.0 | 127.00 | NOTE | |||
r-release-windows-x86_64 | 2.0 | 70.00 | 158.00 | 228.00 | NOTE | |
r-oldrel-macos-arm64 | 2.0 | 61.00 | OK | |||
r-oldrel-macos-x86_64 | 2.0 | 87.00 | OK | |||
r-oldrel-windows-x86_64 | 2.0 | 69.00 | 148.00 | 217.00 | OK |
Version: 2.0
Check: C++ specification
Result: NOTE
Specified C++11: please drop specification unless essential
Flavors: r-devel-linux-x86_64-debian-clang, r-devel-linux-x86_64-debian-gcc, r-devel-linux-x86_64-fedora-clang, r-devel-linux-x86_64-fedora-gcc, r-devel-windows-x86_64, r-patched-linux-x86_64, r-release-linux-x86_64, r-release-macos-arm64, r-release-macos-x86_64, r-release-windows-x86_64