Last updated on 2023-06-10 05:52:37 CEST.
Flavor | Version | Tinstall | Tcheck | Ttotal | Status | Flags |
---|---|---|---|---|---|---|
r-devel-linux-x86_64-debian-clang | 1.1.4 | 81.02 | 281.38 | 362.40 | OK | |
r-devel-linux-x86_64-debian-gcc | 1.1.4 | 67.99 | 207.62 | 275.61 | OK | |
r-devel-linux-x86_64-fedora-clang | 1.1.4 | 461.48 | OK | |||
r-devel-linux-x86_64-fedora-gcc | 1.1.4 | 466.56 | OK | |||
r-devel-windows-x86_64 | 1.1.4 | 59.00 | 290.00 | 349.00 | OK | |
r-patched-linux-x86_64 | 1.1.4 | 72.94 | 261.24 | 334.18 | OK | |
r-release-linux-x86_64 | 1.1.4 | 74.61 | 265.08 | 339.69 | OK | |
r-release-macos-arm64 | 1.1.4 | 151.00 | NOTE | |||
r-release-macos-x86_64 | 1.1.4 | 251.00 | NOTE | |||
r-release-windows-x86_64 | 1.1.4 | 80.00 | 373.00 | 453.00 | OK | |
r-oldrel-macos-arm64 | 1.1.4 | 131.00 | NOTE | |||
r-oldrel-macos-x86_64 | 1.1.4 | 151.00 | NOTE | |||
r-oldrel-windows-x86_64 | 1.1.4 | 83.00 | 350.00 | 433.00 | OK |
Version: 1.1.4
Check: installed package size
Result: NOTE
installed size is 5.8Mb
sub-directories of 1Mb or more:
libs 3.6Mb
Flavors: r-release-macos-arm64, r-release-macos-x86_64, r-oldrel-macos-arm64, r-oldrel-macos-x86_64