CRAN Package Check Results for Package markdownInput

Last updated on 2023-06-08 05:58:13 CEST.

Flavor Version Tinstall Tcheck Ttotal Status Flags
r-devel-linux-x86_64-debian-clang 0.1.2 3.80 35.78 39.58 NOTE
r-devel-linux-x86_64-debian-gcc 0.1.2 3.85 27.98 31.83 NOTE
r-devel-linux-x86_64-fedora-clang 0.1.2 49.50 NOTE
r-devel-linux-x86_64-fedora-gcc 0.1.2 47.70 NOTE
r-devel-windows-x86_64 0.1.2 6.00 49.00 55.00 NOTE
r-patched-linux-x86_64 0.1.2 3.23 34.88 38.11 NOTE
r-release-linux-x86_64 0.1.2 3.06 34.80 37.86 NOTE
r-release-macos-arm64 0.1.2 20.00 NOTE
r-release-macos-x86_64 0.1.2 27.00 NOTE
r-release-windows-x86_64 0.1.2 6.00 53.00 59.00 NOTE
r-oldrel-macos-arm64 0.1.2 19.00 NOTE
r-oldrel-macos-x86_64 0.1.2 33.00 NOTE
r-oldrel-windows-x86_64 0.1.2 7.00 57.00 64.00 NOTE

Check Details

Version: 0.1.2
Check: LazyData
Result: NOTE
     'LazyData' is specified without a 'data' directory
Flavors: r-devel-linux-x86_64-debian-clang, r-devel-linux-x86_64-debian-gcc, r-devel-linux-x86_64-fedora-clang, r-devel-linux-x86_64-fedora-gcc, r-devel-windows-x86_64, r-patched-linux-x86_64, r-release-linux-x86_64, r-release-macos-arm64, r-release-macos-x86_64, r-release-windows-x86_64, r-oldrel-macos-arm64, r-oldrel-macos-x86_64, r-oldrel-windows-x86_64