Last updated on 2023-06-08 05:58:13 CEST.
Flavor | Version | Tinstall | Tcheck | Ttotal | Status | Flags |
---|---|---|---|---|---|---|
r-devel-linux-x86_64-debian-clang | 2021.2-4 | 1.66 | 33.27 | 34.93 | NOTE | |
r-devel-linux-x86_64-debian-gcc | 2021.2-4 | 1.55 | 26.45 | 28.00 | NOTE | |
r-devel-linux-x86_64-fedora-clang | 2021.2-4 | 45.95 | NOTE | |||
r-devel-linux-x86_64-fedora-gcc | 2021.2-4 | 43.80 | NOTE | |||
r-devel-windows-x86_64 | 2021.2-4 | 9.00 | 55.00 | 64.00 | NOTE | |
r-patched-linux-x86_64 | 2021.2-4 | 1.95 | 32.52 | 34.47 | NOTE | |
r-release-linux-x86_64 | 2021.2-4 | 2.17 | 32.90 | 35.07 | NOTE | |
r-release-macos-arm64 | 2021.2-4 | 21.00 | NOTE | |||
r-release-macos-x86_64 | 2021.2-4 | 28.00 | NOTE | |||
r-release-windows-x86_64 | 2021.2-4 | 3.00 | 52.00 | 55.00 | NOTE | |
r-oldrel-macos-arm64 | 2021.2-4 | 21.00 | NOTE | |||
r-oldrel-macos-x86_64 | 2021.2-4 | 26.00 | NOTE | |||
r-oldrel-windows-x86_64 | 2021.2-4 | 4.00 | 57.00 | 61.00 | NOTE |
Version: 2021.2-4
Check: LazyData
Result: NOTE
'LazyData' is specified without a 'data' directory
Flavors: r-devel-linux-x86_64-debian-clang, r-devel-linux-x86_64-debian-gcc, r-devel-linux-x86_64-fedora-clang, r-devel-linux-x86_64-fedora-gcc, r-devel-windows-x86_64, r-patched-linux-x86_64, r-release-linux-x86_64, r-release-macos-arm64, r-release-macos-x86_64, r-release-windows-x86_64, r-oldrel-macos-arm64, r-oldrel-macos-x86_64, r-oldrel-windows-x86_64