CRAN Package Check Results for Package marg

Last updated on 2023-06-06 05:55:15 CEST.

Flavor Version Tinstall Tcheck Ttotal Status Flags
r-devel-linux-x86_64-debian-clang 1.2-2.1 10.90 94.47 105.37 NOTE
r-devel-linux-x86_64-debian-gcc 1.2-2.1 9.11 73.58 82.69 NOTE
r-devel-linux-x86_64-fedora-clang 1.2-2.1 131.81 NOTE
r-devel-linux-x86_64-fedora-gcc 1.2-2.1 127.49 NOTE
r-devel-windows-x86_64 1.2-2.1 12.00 97.00 109.00 NOTE
r-patched-linux-x86_64 1.2-2.1 14.23 90.16 104.39 NOTE
r-release-linux-x86_64 1.2-2.1 9.19 90.73 99.92 NOTE
r-release-macos-arm64 1.2-2.1 40.00 NOTE
r-release-macos-x86_64 1.2-2.1 66.00 NOTE
r-release-windows-x86_64 1.2-2.1 14.00 111.00 125.00 NOTE
r-oldrel-macos-arm64 1.2-2.1 37.00 OK
r-oldrel-macos-x86_64 1.2-2.1 47.00 OK
r-oldrel-windows-x86_64 1.2-2.1 13.00 103.00 116.00 OK

Check Details

Version: 1.2-2.1
Check: Rd files
Result: NOTE
    checkRd: (-1) residuals.rsm.Rd:74: Escaped LaTeX specials: \&
Flavors: r-devel-linux-x86_64-debian-clang, r-devel-linux-x86_64-debian-gcc, r-devel-linux-x86_64-fedora-clang, r-devel-linux-x86_64-fedora-gcc, r-devel-windows-x86_64, r-patched-linux-x86_64, r-release-linux-x86_64, r-release-macos-arm64, r-release-macos-x86_64, r-release-windows-x86_64

Version: 1.2-2.1
Check: package dependencies
Result: NOTE
    Packages suggested but not available for checking: 'csampling', 'nlreg'
Flavor: r-release-macos-x86_64