CRAN Package Check Results for Package mapsapi

Last updated on 2023-09-29 06:01:28 CEST.

Flavor Version Tinstall Tcheck Ttotal Status Flags
r-devel-linux-x86_64-debian-clang 0.5.4 4.36 59.67 64.03 OK
r-devel-linux-x86_64-debian-gcc 0.5.4 3.88 45.75 49.63 OK
r-devel-linux-x86_64-fedora-clang 0.5.4 79.47 NOTE
r-devel-linux-x86_64-fedora-gcc 0.5.4 96.38 NOTE
r-devel-windows-x86_64 0.5.4 5.00 78.00 83.00 OK
r-patched-linux-x86_64 0.5.4 4.39 58.20 62.59 OK
r-release-linux-x86_64 0.5.4 3.96 58.11 62.07 OK
r-release-macos-arm64 0.5.4 33.00 OK
r-release-macos-x86_64 0.5.4 59.00 OK
r-release-windows-x86_64 0.5.4 8.00 83.00 91.00 OK
r-oldrel-macos-arm64 0.5.4 32.00 OK
r-oldrel-macos-x86_64 0.5.4 48.00 OK
r-oldrel-windows-x86_64 0.5.4 7.00 81.00 88.00 OK

Check Details

Version: 0.5.4
Check: data for non-ASCII characters
Result: NOTE
     Note: found 55 marked UTF-8 strings
Flavors: r-devel-linux-x86_64-fedora-clang, r-devel-linux-x86_64-fedora-gcc