CRAN Package Check Results for Package mapcan

Last updated on 2023-06-10 05:52:37 CEST.

Flavor Version Tinstall Tcheck Ttotal Status Flags
r-devel-linux-x86_64-debian-clang 0.0.1 5.46 33.22 38.68 OK
r-devel-linux-x86_64-debian-gcc 0.0.1 4.85 25.75 30.60 OK
r-devel-linux-x86_64-fedora-clang 0.0.1 48.03 NOTE
r-devel-linux-x86_64-fedora-gcc 0.0.1 78.39 NOTE
r-devel-windows-x86_64 0.0.1 13.00 56.00 69.00 OK
r-patched-linux-x86_64 0.0.1 5.15 31.26 36.41 OK
r-release-linux-x86_64 0.0.1 5.48 31.38 36.86 OK
r-release-macos-arm64 0.0.1 36.00 OK
r-release-macos-x86_64 0.0.1 52.00 OK
r-release-windows-x86_64 0.0.1 16.00 58.00 74.00 OK
r-oldrel-macos-arm64 0.0.1 28.00 NOTE
r-oldrel-macos-x86_64 0.0.1 49.00 NOTE
r-oldrel-windows-x86_64 0.0.1 16.00 55.00 71.00 OK

Check Details

Version: 0.0.1
Check: dependencies in R code
Result: NOTE
    Namespace in Imports field not imported from: ‘dplyr’
     All declared Imports should be used.
Flavors: r-devel-linux-x86_64-fedora-clang, r-devel-linux-x86_64-fedora-gcc, r-oldrel-macos-arm64, r-oldrel-macos-x86_64

Version: 0.0.1
Check: data for non-ASCII characters
Result: NOTE
     Note: found 3058 marked UTF-8 strings
Flavors: r-devel-linux-x86_64-fedora-clang, r-devel-linux-x86_64-fedora-gcc, r-oldrel-macos-arm64, r-oldrel-macos-x86_64